 remainder when 34719 is divided by 5742?
267
Calculate the remainder when 9820 is divided by 9559.
261
Calculate the remainder when 4046 is divided by 191.
35
What is the remainder when 247614 is divided by 424?
422
Calculate the remainder when 8075 is divided by 425.
0
Calculate the remainder when 12774 is divided by 210.
174
Calculate the remainder when 6280 is divided by 418.
10
What is the remainder when 379874 is divided by 25?
24
What is the remainder when 211398 is divided by 40?
38
Calculate the remainder when 27236 is divided by 82.
12
What is the remainder when 763093 is divided by 17?
14
Calculate the remainder when 13913 is divided by 303.
278
What is the remainder when 18145 is divided by 171?
19
Calculate the remainder when 8064 is divided by 179.
9
What is the remainder when 147850 is divided by 27?
25
What is the remainder when 8171 is divided by 1361?
5
Calculate the remainder when 192442 is divided by 158.
156
What is the remainder when 273592 is divided by 45594?
28
What is the remainder when 445687 is divided by 17?
15
Calculate the remainder when 15334 is divided by 392.
46
What is the remainder when 9612 is divided by 130?
122
What is the remainder when 1554 is divided by 109?
28
What is the remainder when 24699 is divided by 2228?
191
Calculate the remainder when 36416 is divided by 1138.
0
What is the remainder when 54645 is divided by 487?
101
What is the remainder when 108608 is divided by 14?
10
Calculate the remainder when 2536 is divided by 316.
8
Calculate the remainder when 54060 is divided by 50.
10
Calculate the remainder when 387 is divided by 103.
78
Calculate the remainder when 19409 is divided by 211.
208
Calculate the remainder when 28265 is divided by 2354.
17
What is the remainder when 3449 is divided by 25?
24
Calculate the remainder when 145338 is divided by 16.
10
Calculate the remainder when 28340 is divided by 231.
158
What is the remainder when 26223 is divided by 45?
33
What is the remainder when 934 is divided by 51?
16
What is the remainder when 106944 is divided by 56?
40
Calculate the remainder when 1319 is divided by 395.
134
Calculate the remainder when 28431 is divided by 5656.
151
What is the remainder when 170 is divided by 146?
24
What is the remainder when 293342 is divided by 26?
10
What is the remainder when 10736 is divided by 26?
24
Calculate the remainder when 1515 is divided by 23.
20
What is the remainder when 11274 is divided by 149?
99
Calculate the remainder when 14116 is divided by 480.
196
Calculate the remainder when 1327 is divided by 86.
37
Calculate the remainder when 15855 is divided by 13.
8
What is the remainder when 193642 is divided by 29?
9
What is the remainder when 63268 is divided by 222?
220
What is the remainder when 2213 is divided by 41?
40
What is the remainder when 1675939 is divided by 14?
13
Calculate the remainder when 18637 is divided by 6210.
7
Calculate the remainder when 1789107 is divided by 1429.
1428
Calculate the remainder when 151554 is divided by 180.
174
What is the remainder when 74145 is divided by 18530?
25
What is the remainder when 2336 is divided by 30?
26
What is the remainder when 14414 is divided by 437?
430
Calculate the remainder when 11181 is divided by 2182.
271
What is the remainder when 4272 is divided by 4201?
71
What is the remainder when 56574 is divided by 783?
198
What is the remainder when 836 is divided by 127?
74
Calculate the remainder when 759140 is divided by 75.
65
Calculate the remainder when 55603 is divided by 55601.
2
Calculate the remainder when 45445 is divided by 4101.
334
What is the remainder when 10394 is divided by 28?
6
What is the remainder when 47071 is divided by 646?
559
Calculate the remainder when 387320 is divided by 954.
950
Calculate the remainder when 11279 is divided by 256.
15
What is the remainder when 271720 is divided by 51?
43
Calculate the remainder when 17004 is divided by 1208.
92
Calculate the remainder when 6517 is divided by 469.
420
Calculate the remainder when 73236 is divided by 444.
420
What is the remainder when 12649 is divided by 1271?
1210
What is the remainder when 11347 is divided by 177?
19
Calculate the remainder when 6686 is divided by 30.
26
Calculate the remainder when 274846 is divided by 39260.
26
Calculate the remainder when 797492 is divided by 88608.
20
What is the remainder when 26749 is divided by 1132?
713
What is the remainder when 2492 is divided by 1656?
836
Calculate the remainder when 2764 is divided by 1113.
538
Calculate the remainder when 1837 is divided by 1690.
147
What is the remainder when 713 is divided by 703?
10
What is the remainder when 467 is divided by 241?
226
What is the remainder when 1597863 is divided by 117?
111
Calculate the remainder when 18608 is divided by 4652.
0
Calculate the remainder when 1906 is divided by 113.
98
Calculate the remainder when 2542 is divided by 165.
67
Calculate the remainder when 845 is divided by 30.
5
Calculate the remainder when 38730 is divided by 484.
10
What is the remainder when 726 is divided by 486?
240
Calculate the remainder when 424 is divided by 125.
49
Calculate the remainder when 31705 is divided by 25.
5
Calculate the remainder when 8536 is divided by 2132.
8
Calculate the remainder when 62062 is divided by 4137.
7
Calculate the remainder when 105458 is divided by 37.
8
Calculate the remainder when 1690751 is divided by 8.
7
Calculate the remainder when 1501 is divided by 1427.
74
Calculate the remainder when 50751 is divided by 11.
8
What is the remainder when 2067 is divided by 82?
17
What is the remainder when 16222 is divided by 88?
30
Calculate the remainder when 40970 is divided by 161.
76
What is the remainder when 10608 is divided by 167?
87
Calculate the remainder when 24203 is divided by 17.
12
Calculate the remainder when 13314 is divided by 49.
35
Calculate the remainder when 3006 is divided by 194.
96
What is the remainder when 6793 is divided by 285?
238
What is the remainder when 194297 is divided by 60?
17
Calculate the remainder when 132459 is divided by 1394.
29
Calculate the remainder when 67754 is divided by 23.
19
Calculate the remainder when 5572 is divided by 13.
8
What is the remainder when 26700 is divided by 3335?
20
What is the remainder when 42831 is divided by 203?
201
Calculate the remainder when 315586 is divided by 13.
11
What is the remainder when 29685 is divided by 10?
5
What is the remainder when 1454 is divided by 1443?
11
Calculate the remainder when 10000 is divided by 4368.
1264
What is the remainder when 2062 is divided by 262?
228
What is the remainder when 53422 is divided by 10684?
2
Calculate the remainder when 52472 is divided by 150.
122
Calculate the remainder when 7604 is divided by 1002.
590
What is the remainder when 6839 is divided by 344?
303
Calculate the remainder when 446106 is divided by 111521.
22
Calculate the remainder when 37398 is divided by 22.
20
Calculate the remainder when 497 is divided by 13.
3
Calculate the remainder when 52489 is divided by 29.
28
What is the remainder when 8511 is divided by 307?
222
Calculate the remainder when 1014 is divided by 49.
34
Calculate the remainder when 31300 is divided by 232.
212
What is the remainder when 3019 is divided by 92?
75
What is the remainder when 7677 is divided by 194?
111
Calculate the remainder when 12593 is divided by 4189.
26
What is the remainder when 3385 is divided by 351?
226
What is the remainder when 268329 is divided by 29811?
30
What is the remainder when 8026 is divided by 613?
57
What is the remainder when 30944 is divided by 30754?
190
What is the remainder when 24352 is divided by 12?
4
Calculate the remainder when 6488 is divided by 49.
20
Calculate the remainder when 1210 is divided by 18.
4
What is the remainder when 19889 is divided by 4960?
49
What is the remainder when 33981 is divided by 395?
11
Calculate the remainder when 31431 is divided by 1828.
355
Calculate the remainder when 164257 is divided by 699.
691
What is the remainder when 10052 is divided by 9?
8
What is the remainder when 29778 is divided by 82?
12
Calculate the remainder when 14475 is divided by 2590.
1525
What is the remainder when 2986 is divided by 962?
100
Calculate the remainder